 a factor of 44505342?
True
Is 182046728 a multiple of 54?
False
Does 20 divide 67569469?
False
Is 398 a factor of 2555673484?
False
Does 818 divide 122335585?
False
Is 27 a factor of 137532513?
False
Does 18 divide 164754648?
True
Does 67 divide 30257682?
False
Does 402 divide 161903892?
True
Is 439037160 a multiple of 40?
True
Does 7 divide 44853585?
True
Does 20 divide 13830868?
False
Is 11 a factor of 47152093?
False
Is 3 a factor of 119382?
True
Does 19 divide 4432826?
False
Is 760033368 a multiple of 1314?
True
Is 22345536 a multiple of 147?
False
Is 10 a factor of 1087940?
True
Does 2103 divide 308939112?
True
Does 785 divide 3013959558?
False
Is 1392 a factor of 130232736?
True
Does 26 divide 278044?
True
Does 1757 divide 1991165932?
True
Does 65 divide 2134432537?
False
Is 47000140 a multiple of 110?
True
Is 6837933 a multiple of 3?
True
Is 15871492 a multiple of 14?
True
Is 1890994 a multiple of 133?
True
Is 225833895 a multiple of 63?
True
Is 1783534217 a multiple of 53?
True
Is 5 a factor of 40117235?
True
Is 15 a factor of 68676574?
False
Is 297680443 a multiple of 59?
False
Is 17 a factor of 53575417?
False
Is 2084880 a multiple of 39?
False
Does 11 divide 846176672?
True
Is 3294665 a multiple of 37?
True
Is 15989097 a multiple of 503?
False
Does 7544 divide 1916587558?
False
Does 513 divide 29427219?
True
Is 1059 a factor of 119274111?
True
Is 792 a factor of 153406636?
False
Does 4130 divide 61539481?
False
Does 284 divide 24262317?
False
Does 2664 divide 519836905?
False
Is 4 a factor of 1523361?
False
Does 18 divide 72748866?
False
Is 73241875 a multiple of 83?
False
Does 13 divide 614292094?
True
Is 47173056 a multiple of 232?
False
Is 72955042 a multiple of 230?
False
Does 21 divide 33844944?
True
Is 33604325 a multiple of 17?
True
Does 16 divide 439681?
False
Is 5941246 a multiple of 302?
True
Is 158444748 a multiple of 6?
True
Is 496 a factor of 62805504?
True
Is 255731749 a multiple of 633?
False
Is 76592097 a multiple of 40?
False
Is 14 a factor of 1344428596?
True
Does 5 divide 85667537?
False
Is 13470452 a multiple of 382?
False
Is 44 a factor of 802748408?
True
Is 23 a factor of 349014696?
True
Does 1772 divide 1579720280?
True
Does 86 divide 176119142?
True
Does 21 divide 579849240?
False
Is 19986831 a multiple of 898?
False
Is 14653388 a multiple of 1907?
True
Is 141 a factor of 1306326614?
False
Is 44308218 a multiple of 1636?
False
Does 220 divide 860706880?
True
Is 4747420 a multiple of 28?
False
Is 290642670 a multiple of 9?
True
Does 2 divide 56398421?
False
Does 382 divide 75466847?
False
Does 60 divide 109805760?
True
Is 426731144 a multiple of 644?
True
Does 244 divide 1969158290?
False
Is 255 a factor of 1317616875?
True
Is 48 a factor of 7232333?
False
Does 7 divide 333832576?
True
Is 26 a factor of 214618882?
False
Does 115 divide 29073205?
False
Is 1481803585 a multiple of 1094?
False
Is 217873794 a multiple of 20?
False
Is 1098807566 a multiple of 23?
True
Is 2878720 a multiple of 32?
True
Is 17647598 a multiple of 1649?
True
Does 87 divide 229103568?
False
Does 3676 divide 2264166825?
False
Is 39 a factor of 2868783645?
True
Is 90 a factor of 260770337?
False
Is 106 a factor of 142465908?
True
Does 1321 divide 11051486?
True
Does 1168 divide 71861888?
False
Is 169 a factor of 1954011160?
False
Is 16 a factor of 21290601?
False
Is 39083648 a multiple of 116?
True
Is 152 a factor of 23201410?
False
Is 20 a factor of 751946320?
True
Is 77 a factor of 1639322052?
False
Is 4 a factor of 7716776?
True
Is 69822363 a multiple of 2213?
True
Is 30 a factor of 63583195?
False
Is 30104567 even?
False
Does 2 divide 2834006?
True
Does 6 divide 122742189?
False
Is 79 a factor of 46939598?
False
Does 79 divide 158296356?
False
Is 6294 a factor of 1674191412?
True
Is 5822114 a multiple of 50?
False
Does 779 divide 172175359?
True
Does 177 divide 10750272?
True
Is 931996578 a multiple of 7?
False
Does 896 divide 24936576?
True
Does 135 divide 13784580?
True
Is 52 a factor of 39219706?
False
Is 150 a factor of 50946150?
True
Is 878839434 a multiple of 18?
True
Is 794027382 a multiple of 137?
False
Does 48 divide 35838983?
False
Does 39 divide 54735321?
False
Is 1131 a factor of 103079340?
True
Does 176 divide 47936787?
False
Is 9286880 a multiple of 37?
False
Is 1754142804 a multiple of 172?
False
Is 798 a factor of 102543798?
True
Is 27 a factor of 48465246?
False
Is 185 a factor of 51064625?
True
Is 60982767 a multiple of 11?
False
Does 139 divide 33900015?
True
Is 3215 a factor of 3967435385?
True
Is 419 a factor of 33691399?
False
Is 1071 a factor of 33818823?
False
Does 5 divide 88481295?
True
Is 36605235 a multiple of 255?
False
Is 152 a factor of 106138470?
False
Is 67238138 a multiple of 2391?
False
Is 292 a factor of 2569536?
False
Is 950843439 a multiple of 403?
True
Is 92378791 a multiple of 43?
False
Does 919 divide 1437614893?
False
Is 186 a factor of 9440058?
True
Is 25501360 a multiple of 136?
True
Does 16 divide 214878400?
True
Is 3 a factor of 8641839?
True
Is 4980 a factor of 490953209?
False
Does 350 divide 9428882?
False
Is 17 a factor of 211158241?
True
Is 304 a factor of 76091200?
True
Is 11300165 a multiple of 3?
False
Does 11 divide 1189543960?
True
Is 134310766 a multiple of 166?
True
Is 2217650526 a multiple of 294?
True
Is 57140988 a multiple of 3?
True
Does 55 divide 2414275820?
True
Is 64 a factor of 11979328?
True
Is 1427671621 a multiple of 71?
True
Is 70478005 a multiple of 35?
False
Is 651 a factor of 8923364?
False
Is 8551996094 a multiple of 672?
False
Is 661974 a multiple of 23?
False
Is 1150 a factor of 9226450?
True
Does 14 divide 1650111844?
False
Is 4 a factor of 292255272?
True
Is 160 a factor of 28814385?
False
Does 231 divide 31271394?
True
Is 171 a factor of 190262682?
False
Is 948326115 a multiple of 5209?
False
Is 288211704 a multiple of 985?
False
Is 13 a factor of 254667985?
True
Is 142 a factor of 1325498?
False
Is 46 a factor of 2569518?
False
Is 3774 a factor of 213763134?
True
Is 59307571 a multiple of 1187?
False
Is 50934611 a multiple of 1691?
True
Does 14 divide 2595254?
False
Is 975655954 a multiple of 2401?
True
Is 534 a factor of 36699666?
False
Is 889 a factor of 1229767272?
False
Is 3851784595 a multiple of 10?
False
Is 93 a factor of 52513194?
True
Does 14 divide 38436748?
True
Is 1161714984 a multiple of 85?
False
Is 4797082 a multiple of 82?
True
Is 2449 a factor of 1664764077?
True
Is 23365235 a multiple of 253?
False
Is 407515185 a multiple of 1791?
True
Does 847 divide 3463098408?
True
Is 12 a factor of 1463963184?
True
Does 1159 divide 25897399?
False
Does 93 divide 19454019?
True
Does 38 divide 111274184?
True
Is 59918007 a multiple of 2657?
True
Is 18 a factor of 362940115?
False
Does 21 divide 1697392?
False
Is 19 a factor of 2615915584?
False
Is 6095064332 a multiple of 49?
True
Is 719315536 a multiple of 3957?
False
Does 685 divide 215494589?
False
Is 148 a factor of 9974990?
False
Does 53 divide 2363393?
False
Does 415 divide 5318585?
False
Is 988 a factor of 19046273?
False
Is 171577176 a multiple of 232?
False
Is 120 a factor of 82783920?
True
Is 10638870 a multiple of 2?
True
Is 1302998410 a multiple of 70?
True
Is 525457394 a multiple of 22?
True
Is 119125891 a multiple of 248?
False
Does 130 divide 111032495?
False
Is 16 a factor of 7016192?
True
Is 50 a factor of 158425600?
True
Does 5 divide 1338671535?
True
Is 11410 a factor of 4756635030?
True
Is 4828840 a multiple of 20?
True
Is 120462848 a multiple of 1168?
True
Is 1307744722 a multiple of 218?
True
Does 2263 divide 1391230835?
False
Is 135126814 a multiple of 1982?
True
Is 114 a factor of 7881989?
False
Is 954708183 a multiple of 39?
True
Does 86 divide 908413194?
False
Is 3577335552 a multiple of 16?
True
Is 51 a factor of 7402956?
True
Is 47 a factor of 778132?
True
Is 17577755 a multiple of 331?
True
Does 1208 divide 25724422?
False
Does 516 divide 94667424?
True
Does 202 divide 1134442504?
True
Is 110 a factor of 1259842798?
False
Is 161230923 a multiple of 1421?
True
Is 578 a factor of 20594556?
False
Does 69 divide 15359761?
False
Is 191 a factor of 27744278?
True
Does 1639 divide 4573920?
False
Is 37 a factor of 29607067?
True
Is 571430175 a multiple of 15?
True
Does 670 div